Is 33105997649 composite?
True
Is 1390393577 prime?
False
Is 7111139413 prime?
False
Is 7327049 a composite number?
True
Is 13838575711 prime?
True
Is 33051142079 a composite number?
True
Is 1360522043 a prime number?
False
Is 2192924927 a prime number?
True
Is 934165178 a composite number?
True
Is 5178140297 a prime number?
False
Is 4155847517 prime?
True
Is 2633805871 a prime number?
True
Is 28982728141 prime?
False
Is 1739270891 prime?
False
Is 2755160951 composite?
False
Is 8897163293 composite?
False
Is 827997661 prime?
True
Is 129674287 a composite number?
False
Is 2967241547 prime?
True
Is 7137462337 a prime number?
False
Is 583898053 a prime number?
True
Is 12967695937 prime?
False
Is 8460998543 prime?
True
Is 425918147 a composite number?
False
Is 331808299 a prime number?
True
Is 200244801 a prime number?
False
Is 1963230653 composite?
False
Is 67691945323 prime?
True
Is 59829669511 prime?
False
Is 1929656119 a composite number?
False
Is 228922867 a prime number?
False
Is 7604537201 prime?
True
Is 400472141 a composite number?
True
Is 19038010181 composite?
False
Is 4150419379 composite?
False
Is 379362307 a prime number?
True
Is 27479364139 prime?
False
Is 708745159 composite?
False
Is 36872022749 a composite number?
False
Is 5885529647 a prime number?
False
Is 33466362799 a prime number?
True
Is 1929584879 prime?
False
Is 117418756099 prime?
True
Is 357196933 composite?
True
Is 7938568801 prime?
False
Is 829443311 a prime number?
False
Is 121718101 prime?
True
Is 235350551 prime?
True
Is 8409689273 prime?
False
Is 176915003 a prime number?
False
Is 381237388739 a prime number?
True
Is 3334427147 a prime number?
True
Is 295304824011 a composite number?
True
Is 1691424543 a composite number?
True
Is 5134527157 composite?
False
Is 24064082893 prime?
True
Is 455422729 prime?
True
Is 7897949383 a composite number?
False
Is 977170367 prime?
True
Is 2793057643 composite?
True
Is 4114913189 a prime number?
False
Is 646631399 a composite number?
True
Is 16916178883 a composite number?
False
Is 231481097 composite?
True
Is 27940370851 a composite number?
False
Is 6187015909 a prime number?
True
Is 263881481 a composite number?
True
Is 38084849867 composite?
True
Is 24453024187 a composite number?
True
Is 91830859 composite?
False
Is 1121032789 composite?
False
Is 21588929767 a composite number?
False
Is 36291265203 a composite number?
True
Is 1368790211 a composite number?
False
Is 21026860609 a composite number?
False
Is 54578521 a prime number?
False
Is 28082869129 composite?
True
Is 565382633 a prime number?
False
Is 3147681181 a prime number?
False
Is 40258569287 prime?
True
Is 5864980921 a composite number?
False
Is 99533243 composite?
False
Is 909231833 a composite number?
True
Is 1590863881 prime?
True
Is 73515209 composite?
True
Is 2476567189 a composite number?
False
Is 560144953 a composite number?
True
Is 406162901 a composite number?
False
Is 1749696127 composite?
False
Is 1396883399 composite?
False
Is 1789702669 composite?
True
Is 69202233073 composite?
False
Is 1896638347 prime?
True
Is 20156677 prime?
False
Is 2257643813 prime?
True
Is 1401200167 a prime number?
False
Is 1070998433 prime?
False
Is 3895334459 a prime number?
False
Is 913473989 composite?
True
Is 11229082661 prime?
True
Is 6074325017 composite?
True
Is 120942136823 prime?
True
Is 18337575859 a composite number?
False
Is 13384754969 composite?
True
Is 3838730939 a prime number?
True
Is 7372405813 a composite number?
False
Is 1010526971 a prime number?
False
Is 1266051167 a prime number?
False
Is 6106212061 a composite number?
True
Is 1741813789 composite?
False
Is 7264163 prime?
False
Is 62924390203 a prime number?
True
Is 138993208033 composite?
False
Is 375277883 composite?
True
Is 26007066013 prime?
True
Is 1944764219 a prime number?
True
Is 2023479559 a composite number?
False
Is 1091134127 a composite number?
True
Is 3728453803 a composite number?
True
Is 13062523 composite?
False
Is 40406057747 prime?
False
Is 4941591286 a composite number?
True
Is 781767037 composite?
False
Is 81429571229 composite?
True
Is 216103807 composite?
False
Is 21616962649 composite?
False
Is 2454888531 a composite number?
True
Is 3869481667 a prime number?
False
Is 22265167438 prime?
False
Is 756657779 composite?
False
Is 16945666537 composite?
False
Is 1497319487 composite?
True
Is 33791892083 a prime number?
True
Is 5728305937 a composite number?
True
Is 894880421 prime?
True
Is 14444334269 prime?
True
Is 1962254249 a composite number?
False
Is 2545399547 composite?
True
Is 2431452091 composite?
False
Is 2477553033 prime?
False
Is 199195643 prime?
True
Is 75484654961 composite?
False
Is 31759186049 prime?
False
Is 4956624749 prime?
False
Is 1668633553 a prime number?
True
Is 282889319 a prime number?
True
Is 11132050331 a composite number?
True
Is 3329125843 a composite number?
False
Is 49401935347 prime?
False
Is 66484437893 composite?
False
Is 254232389 a prime number?
False
Is 18861513889 a prime number?
False
Is 3267403259 prime?
True
Is 54380142301 a prime number?
True
Is 4404767491 a prime number?
True
Is 1115479549 a prime number?
False
Is 1172895413 prime?
True
Is 307425499 a composite number?
False
Is 40694450437 composite?
True
Is 365296649 prime?
False
Is 1902733267 a composite number?
False
Is 4012267837 composite?
True
Is 3383716121 composite?
True
Is 7603248461 prime?
True
Is 12677219341 a prime number?
False
Is 592915283 prime?
True
Is 300048291293 prime?
True
Is 443726221 a composite number?
True
Is 936509539 a composite number?
True
Is 36821399479 prime?
True
Is 127246807 prime?
True
Is 2341949629 a composite number?
False
Is 735213617 prime?
False
Is 42496897 a prime number?
False
Is 208354813519 prime?
True
Is 8973475001 composite?
True
Is 197874479657 prime?
True
Is 189633036139 composite?
False
Is 1766117891 a composite number?
False
Is 2806288571 a composite number?
False
Is 96165078587 a composite number?
True
Is 2253030061 composite?
False
Is 321457341 prime?
False
Is 35144113657 a composite number?
False
Is 14107571201 a prime number?
True
Is 6068343287 a prime number?
False
Is 3981677921 prime?
False
Is 1280043417 a prime number?
False
Is 67501189697 a composite number?
False
Is 19321826233 a composite number?
False
Is 432312311 a prime number?
True
Is 555102467 a composite number?
False
Is 4629528821 a prime number?
True
Is 13018969 composite?
False
Is 20305962503 a composite number?
True
Is 573078229 prime?
False
Is 1898122427 prime?
False
Is 1656317801 a composite number?
False
Is 34208883635 a composite number?
True
Is 55710355429 composite?
False
Is 6973017349 prime?
True
Is 3459057982 prime?
False
Is 4961611469 composite?
True
Is 11363423167 prime?
False
Is 2475843217 a prime number?
True
Is 9990970741 composite?
True
Is 48646316651 a composite number?
True
Is 15515078617 prime?
False
Is 16125559631 composite?
False
Is 142308839 a composite number?
False
Is 369021899 prime?
True
Is 1402693889 composite?
False
Is 873498011 prime?
False
Is 463839583 a composite number?
False
Is 1737301457 composite?
False
Is 26907960467 a composite number?
False
Is 808068581 composite?
True
Is 6265756813 a prime number?
True
Is 16192265911 composite?
True
Is 6283527617 a prime number?
True
Is 29156866391 a composite number?
True
Is 9396281929 composite?
True
Is 8485916759 composite?
False
Is 39586111 composite?
False
Is 2877976103 a composite number?
True
Is 486323039 prime?
True
Is 13340963159 composite?
False
Is 912368179 prime?
True
Is 295653013 a prime number?
True
Is 177094067 a composite number?
False
Is 68546917703 prime?
False
Is 5256962393 a prime number?
False
Is 2099366149 prime?
False
Is 981323501 a prime number?
True
Is 4140078413 composite?
False
Is 5243676497 prime?
True
Is 54978812839 composite?
False
Is 33213524581 a prime number?
True
Is 184164862487 prime?
True
Is 9879443417 a composite number?
False
Is 69141617 a prime number?
True
Is 34990139 a composite number?
False
Is 169844921 a composite number?
False
Is 4600694041 composite?
True
Is 8748275741 a composite number?
True
Is 9641446109 composite?
True
Is 5253113549 a composite number?
True
Is 1383404881 a composite number?
True
Is 2313883115 a prime number?
False
Is 59204652349 a compos